reatest common divisor of g and 16.
16
Let o be (-94)/(-10) - 5*(-6)/(-75). What is the greatest common factor of o and 117?
9
Let j = 59 + -45. Let b be (-2)/(-6)*21*1. Calculate the highest common divisor of j and b.
7
Let f be -1 - (-4 - -3)*33. Calculate the greatest common divisor of 16 and f.
16
Let q be 0 + 3 - (1 + -115). Let o(w) = -6*w - 3. Let b be o(-2). Let j(z) = z + 4. Let d be j(b). What is the highest common divisor of q and d?
13
Suppose 2*k = 5*k - 165. What is the greatest common divisor of k and 22?
11
Let l be (12 - 11)*-1*3. Let x(a) = a + 4. Let c be x(l). What is the greatest common factor of c and 8?
1
Suppose q - 11*q + 190 = 0. Calculate the highest common factor of q and 38.
19
Let y(q) = q**2 - 11*q - 9. Let a be y(12). What is the greatest common divisor of 15 and a?
3
Let j(h) = -h + 6. Let f be j(6). Let r be -3*(-39)/18*-2. Let z be (-2 - f) + (1 - r). Calculate the highest common factor of 120 and z.
12
Suppose -4*m + 30 = m. Calculate the greatest common factor of m and 6.
6
Let x(s) = s**3 - 4*s**2 + 2*s - 6. Let g be x(4). Let p = 4 + -1. Suppose -3 = 4*w + 9, -g*h - p*w + 31 = 0. What is the highest common factor of 10 and h?
10
Suppose -14*h = -10*h - 104. Calculate the greatest common factor of 26 and h.
26
Let v be 2/9 - 6/54*-7. What is the highest common divisor of v and 7?
1
Let c(k) = 23*k**2 + k + 1. Let t be c(-2). Let m = 6 - -7. Calculate the highest common divisor of t and m.
13
Suppose 120 = 5*s + 2*i, -s = 3*i - 4*i - 17. What is the highest common divisor of s and 2?
2
Suppose 3*o - 4*i = -13, i - 6*i = 4*o + 38. Let s(b) = b**2 + 3*b - 10. Let v be s(o). Calculate the highest common divisor of v and 27.
9
Let g be 18/(-30) + (-58)/(-5). Let n = 98 - 21. What is the greatest common divisor of g and n?
11
Let p(x) be the third derivative of -5*x**4/12 + x**3/2 + x**2. Let y be p(-2). Suppose -n + 4*n = 621. Calculate the greatest common factor of n and y.
23
Let c(q) = -q**2 + 18*q + 12. Let k be c(12). Let v be (-1 + 0)/((-2)/24). What is the greatest common divisor of k and v?
12
Suppose 20*c - 13*c = 455. What is the greatest common factor of 13 and c?
13
Let v be (-594)/(-4) - (-15)/(-10). What is the greatest common factor of 21 and v?
21
Let n be (116/(-10) + 6)/((-4)/50). Calculate the highest common divisor of 42 and n.
14
Suppose -15 - 15 = -5*j. Let y(i) = i**3 - 5*i**2 - 6*i + 9. Let h be y(6). Suppose j = b - h. What is the greatest common divisor of 5 and b?
5
Suppose -39 + 144 = 5*v. Suppose k + 2*k - v = 0. Calculate the greatest common divisor of k and 1.
1
Suppose 5*l = l + 2720. Suppose 8*t - 4*t = l. Let f = t + -120. Calculate the greatest common divisor of 20 and f.
10
Let v(f) = -2 + 2*f + 0 - 2 + 34*f. Let z be v(3). Calculate the highest common divisor of 13 and z.
13
Let j(r) = -4*r**3 - 6*r**2 + r - 6. Let d be j(-3). What is the highest common factor of 5 and d?
5
Let h(w) = -w**2 - 14*w - 24. Let c be h(-10). What is the greatest common divisor of c and 176?
16
Suppose 3*p - 12 = -p. Suppose 0*z = -4*z + 60. Let u = z - 6. Calculate the highest common divisor of p and u.
3
Let q(l) = 12 + 0*l - 3*l + 4*l. Let c be q(-7). Suppose -c*h - 22 = -7, 2 = -u - 4*h. Calculate the greatest common divisor of u and 5.
5
Let m(g) = -3*g - 4. Let d(n) = n + 1. Let r(t) = 2*d(t) + m(t). Let y be r(-6). Calculate the highest common divisor of 2 and y.
2
Suppose 0 = 5*h - 3*h - 3*y + 121, 0 = -h + 3*y - 59. Let x = h - -106. Let s be x/6 - 4/(-6). What is the highest common factor of s and 88?
8
Let c(y) = 3*y**2 + 4*y + 2. Let a = 2 + -6. Let i = -6 - a. Let r be c(i). What is the highest common divisor of 3 and r?
3
Suppose 2*o + 3*o - 3*h - 103 = 0, 5*o = -4*h + 96. Let t be (10/(-8))/((-4)/1456). Suppose -t = -5*s - 155. Calculate the highest common divisor of s and o.
20
Suppose -2*a - 5*o = -33 + 7, o - 65 = -5*a. Let c = -168 - -44. Let u = -72 - c. Calculate the greatest common divisor of a and u.
13
Let w(x) = -x**2 + 4*x + 5. Let r be w(13). Let b = -40 - r. What is the highest common divisor of b and 24?
24
Let j be 1*(0 - 3)*23. Let i = j - -197. Suppose 0 = -3*g - 14 + i. What is the highest common factor of g and 19?
19
Let j be 2/(-8) + 1347/12. Let q = 6 - 6. Suppose -j = -q*l - 2*l. What is the greatest common factor of 7 and l?
7
Suppose -2*h = -5*r - 20, -4*h = -4*r - h - 9. Let t(x) = 2 + 0*x**2 - x**3 + 5*x + 4 - 5*x**2. Let j be t(r). Calculate the highest common factor of j and 36.
12
Let v be (-2 - 30/(-24))*-104. Calculate the greatest common factor of v and 3.
3
Suppose -23*n + 25*n - 36 = 0. Calculate the greatest common factor of 9 and n.
9
Let o = -5 + 6. Calculate the greatest common factor of o and 1.
1
Suppose -h + 4*h + 25 = 5*r, -10 = 2*h. Let i be ((-8)/(-16))/(3/18). Calculate the highest common divisor of i and r.
1
Let a = 119 - 99. Let h(s) = s**2 + s - 1. Let y be h(-3). What is the highest common divisor of y and a?
5
Suppose -5*t + 17 = 3*n - 1, -n = -t + 2. Suppose -t*b = -12 - 42. What is the greatest common factor of b and 18?
18
Suppose 0*k = q + 3*k - 11, -3*q - 2*k + 61 = 0. Suppose 2*d - q - 87 = 0. Suppose 0*y = -y + d. What is the highest common divisor of y and 11?
11
Let w = 21 + -15. Suppose -4*r + 5*r - 4 = 0. What is the highest common factor of r and w?
2
Suppose 0 = -6*d + 11*d - 55. Calculate the greatest common factor of d and 22.
11
Suppose 8 = -r - 3*s + 68, 0 = 4*s - 8. What is the greatest common factor of 18 and r?
18
Let c(p) = 10*p**2 - 12*p - 2. Let a(h) = -3*h**2 + 4*h + 1. Let o(i) = 16*a(i) + 5*c(i). Let g be o(-4). Calculate the greatest common divisor of g and 198.
22
Suppose -3*t = -u + 10, 0*t - 2*u - 15 = t. Let v be t/(-2*(-3)/6). Let i be (36/(-5))/(v/25). What is the highest common factor of 24 and i?
12
Suppose 0 = -2*t + t + j + 5, 5*t + 5*j = 15. What is the highest common divisor of t and 4?
4
Suppose 3*k + 7*g - 6*g - 45 = 0, 5*k - 92 = 4*g. What is the greatest common divisor of 40 and k?
8
Suppose 4*p = -4, -2*p + 3*p - 11 = -3*y. Suppose -t = y*t - 55. Calculate the greatest common divisor of t and 44.
11
Let q(w) = -w**3 + 6. Let g be q(0). Calculate the greatest common factor of 4 and g.
2
Suppose -j = 2*i - 55, -j - j + 84 = 3*i. What is the highest common factor of i and 13?
13
Let t(x) = 9*x + 7. Let g be t(-5). Let w = g - -80. Calculate the highest common factor of w and 14.
14
Let w be (168/10)/((-6)/(-20)). Calculate the greatest common divisor of 7 and w.
7
Suppose 6*m - 18 = 3*m. Suppose i = -b + m, 5*b - 10 = 5*i - 0. What is the greatest common factor of 22 and i?
2
Suppose 15 = 5*q + 2*f - 3*f, 5*f + 15 = 5*q. What is the highest common divisor of 1 and q?
1
Let p(q) = 6*q**3 + 2*q**2 - 2*q - 2. Let y be p(2). Suppose -14 = -r + 2*r. Let k be 138/7 - 4/r. What is the greatest common divisor of y and k?
10
Let t(d) = -12*d + 2. Let b be t(-1). What is the greatest common divisor of b and 112?
14
Let q = 19 + 13. Let f be (28/5)/(q/720). Suppose -4*d = -d - 42. Calculate the greatest common factor of d and f.
14
Suppose -3*b - 5*c - 10 = 0, 4*c + 6 + 39 = 5*b. Calculate the highest common divisor of b and 15.
5
Suppose 2*d + 4*r - 28 = 0, -r = -3*d + 4*d - 14. What is the greatest common divisor of 4 and d?
2
Let v = 16 - 14. Let n = v + 17. What is the highest common factor of 38 and n?
19
Let d be (-1)/3 + 38/6. What is the highest common divisor of d and 36?
6
Suppose 0 = -4*m, 0*m = -u + 2*m + 40. Calculate the greatest common factor of u and 5.
5
Let i = 44 + -30. Let x(u) = 3*u**2 + 1. Let q be x(-1). Suppose 0 = q*f - 3*t - 448, f + 4*t + 0*t - 112 = 0. What is the highest common divisor of i and f?
14
Suppose -3*t + 9 = 2*q, -11 = -3*t + 5*q - 2. Suppose t*x = 2*x + 35. Calculate the highest common factor of 14 and x.
7
Suppose -30*z + 24*z + 330 = 0. Calculate the highest common factor of 495 and z.
55
Let y = -30 - -40. Let a = 89 + 21. What is the highest common divisor of y and a?
10
Let d be (40/25)/((-4)/(-30)). Let g = -6 + d. Suppose 0 = 5*y - 4*r - 162, -r = 2*r + 9. Calculate the highest common divisor of g and y.
6
Let q(x) = -x - 5. Let y be q(6). Let t = y - -7. Let h(r) = r**2 + 2*r. Let p be h(t). What is the greatest common factor of p and 4?
4
Suppose -